{"id":81,"date":"2021-02-05T18:33:44","date_gmt":"2021-02-05T18:33:44","guid":{"rendered":"https:\/\/jcgarnier.ynh.fr\/blog\/?p=81"},"modified":"2025-10-17T13:13:31","modified_gmt":"2025-10-17T13:13:31","slug":"tarifs","status":"publish","type":"page","link":"https:\/\/idei-lx.fr\/idei\/tarifs\/","title":{"rendered":"Tarifs"},"content":{"rendered":"\n<p class=\"has-text-align-left eplus-wrapper\">Tarifs, forfaits et taux horaires pour une intervention sur ordinateur, une installation ou un d\u00e9pannage \u00e9lectrique.<\/p>\n\n\n\n<h2 class=\"wp-block-heading\"><strong><mark style=\"background-color:rgba(0, 0, 0, 0)\" class=\"has-inline-color has-ast-global-color-0-color\">INFORMATIQUE : exemples de tarifs HT<\/mark><\/strong><\/h2>\n\n\n\n<figure class=\"wp-block-table alignwide eplus-wrapper is-style-stripes\"><table><tbody><tr><td class=\"has-text-align-left\" data-align=\"left\"><strong>Am\u00e9liorer les performances de votre ordinateur ou le r\u00e9parer<\/strong> <strong>: <\/strong><\/td><td>forfaits<\/td><\/tr><tr><td class=\"has-text-align-left\" data-align=\"left\">Nettoyage de votre ordinateur, d\u00e9fragmentation du disque, r\u00e9soudre les probl\u00e8mes <br>de blocages, de lenteurs, etc.<\/td><td>70,00 \u20ac<\/td><\/tr><tr><td class=\"has-text-align-left\" data-align=\"left\">Mise \u00e0 jour de votre syst\u00e8me d\u2019exploitation (Windows, Linux) dans sa derni\u00e8re version<\/td><td>50,00 \u20ac<\/td><\/tr><tr><td class=\"has-text-align-left\" data-align=\"left\">R\u00e9installation de votre syst\u00e8me d\u2019exploitation avec r\u00e9cup\u00e9ration de vos donn\u00e9es et <br>applications (Microsoft Windows, Linux)<\/td><td>90,00 \u20ac<\/td><\/tr><tr><td class=\"has-text-align-left\" data-align=\"left\"><strong>R\u00e9cup\u00e9ration de donn\u00e9es, sauvegarde et s\u00e9curit\u00e9 :<\/strong><\/td><td>forfaits<\/td><\/tr><tr><td class=\"has-text-align-left\" data-align=\"left\">R\u00e9cup\u00e9ration de donn\u00e9es perdues (toutes ou en partie si r\u00e9cup\u00e9rables)<\/td><td>60,00 \u20ac<\/td><\/tr><tr><td class=\"has-text-align-left\" data-align=\"left\">R\u00e9cup\u00e9ration de votre mot de passe perdu, r\u00e9initialisation du mot de passe de votre ordinateur<\/td><td>50,00 \u20ac<\/td><\/tr><tr><td class=\"has-text-align-left\" data-align=\"left\">Mise en place d\u2019une sauvegarde automatis\u00e9e et r\u00e9guli\u00e8re de vos donn\u00e9es (documents, photos, musiques, vid\u00e9os\u2026)<\/td><td>150,00 \u20ac<\/td><\/tr><tr><td class=\"has-text-align-left\" data-align=\"left\"><strong>Installation et Configuration, Logiciels et Mat\u00e9riels :<\/strong><\/td><td>forfaits<\/td><\/tr><tr><td class=\"has-text-align-left\" data-align=\"left\">Installation de votre syst\u00e8me d\u2019exploitation \u00e0 partir des supports fournis (Microsoft Windows, Linux) <\/td><td>70,00 \u20ac<\/td><\/tr><tr><td class=\"has-text-align-left\" data-align=\"left\">Installation\/r\u00e9paration, configuration, param\u00e9trage d&rsquo;une application sur votre ordinateur<\/td><td>30,00 \u20ac<\/td><\/tr><tr><td class=\"has-text-align-left\" data-align=\"left\">Installation, configuration et test d&rsquo;un p\u00e9riph\u00e9rique (imprimante, scanner, webcam, disque dur, etc.)<\/td><td>50,00 \u20ac \u00e0 130 \u20ac<\/td><\/tr><\/tbody><\/table><\/figure>\n\n\n\n<figure class=\"wp-block-image size-large\"><img loading=\"lazy\" decoding=\"async\" width=\"1024\" height=\"372\" src=\"https:\/\/idei-lx.fr\/idei\/wp-content\/uploads\/2025\/03\/Capture-decran-2025-03-25-190043-1024x372.png\" alt=\"Tableau \u00e9lectrique. Exemple de tarifs d'installation d'\u00e9lectricit\u00e9.\" class=\"wp-image-1350\" srcset=\"https:\/\/idei-lx.fr\/idei\/wp-content\/uploads\/2025\/03\/Capture-decran-2025-03-25-190043-1024x372.png 1024w, https:\/\/idei-lx.fr\/idei\/wp-content\/uploads\/2025\/03\/Capture-decran-2025-03-25-190043-300x109.png 300w, https:\/\/idei-lx.fr\/idei\/wp-content\/uploads\/2025\/03\/Capture-decran-2025-03-25-190043-768x279.png 768w, https:\/\/idei-lx.fr\/idei\/wp-content\/uploads\/2025\/03\/Capture-decran-2025-03-25-190043.png 1139w\" sizes=\"auto, (max-width: 1024px) 100vw, 1024px\" \/><figcaption class=\"wp-element-caption\">tableau \u00e9lectrique<\/figcaption><\/figure>\n\n\n\n<h2 class=\"wp-block-heading\"><strong><mark style=\"background-color:rgba(0, 0, 0, 0)\" class=\"has-inline-color has-ast-global-color-0-color\"><strong>INSTALLATION ET D\u00c9PANNAGE <strong><mark style=\"background-color:rgba(0, 0, 0, 0)\" class=\"has-inline-color has-ast-global-color-0-color\"><strong>\u00c9<\/strong><\/mark><\/strong>LECTRIQUES <\/strong>: exemples de tarifs HT, avec mat\u00e9riel<\/mark><\/strong><\/h2>\n\n\n\n<p><strong><em>Pour des travaux importants, <a href=\"https:\/\/idei-lx.fr\/idei\/contact\/\">merci de faire une demande de devis en cliquant sur ce lien<\/a>.<\/em><\/strong><\/p>\n\n\n\n<div class=\"wp-block-columns is-layout-flex wp-container-core-columns-is-layout-28f84493 wp-block-columns-is-layout-flex\">\n<div class=\"wp-block-column is-layout-flow wp-block-column-is-layout-flow\" style=\"flex-basis:100%\">\n<figure class=\"wp-block-table alignwide eplus-wrapper is-style-stripes\"><table><tbody><tr><td class=\"has-text-align-left\" data-align=\"left\">INSTALLATION, R\u00c9NOVATION<\/td><td>Taux horaire<br>45 \u20ac \/ h<\/td><\/tr><tr><td class=\"has-text-align-left\" data-align=\"left\">D\u00c9PANNAGE<\/td><td>\u00e0 partir de 50\u20ac\/h<\/td><\/tr><tr><td class=\"has-text-align-left\" data-align=\"left\">Contr\u00f4le de la s\u00e9curit\u00e9 de l&rsquo;installation<\/td><td>80 \u20ac<\/td><\/tr><tr><td class=\"has-text-align-left\" data-align=\"left\">Mesure de la prise de terre au tellurom\u00e8tre<\/td><td>120 \u20ac<\/td><\/tr><tr><td class=\"has-text-align-left\" data-align=\"left\">Tirage d&rsquo;une ligne d\u00e9di\u00e9e puissance (plaques) sur une distance inf\u00e9rieure \u00e0 10 m.<\/td><td>\u00e0 partir de 450 \u20ac<\/td><\/tr><tr><td class=\"has-text-align-left\" data-align=\"left\"><strong>INSTALLATION<\/strong><\/td><td><strong>forfaits<\/strong><\/td><\/tr><tr><td class=\"has-text-align-left\" data-align=\"left\">Pose d&rsquo;une sonnette radio <\/td><td>150\u20ac<\/td><\/tr><tr><td class=\"has-text-align-left\" data-align=\"left\">Installation d&rsquo;une prise de terre (en r\u00e9novation)<\/td><td>\u00e0 partir de 400 \u20ac<\/td><\/tr><tr><td class=\"has-text-align-left\" data-align=\"left\">Installation d\u2019un point lumineux<\/td><td>\u00e0 partir de 200 \u20ac<\/td><\/tr><tr><td class=\"has-text-align-left\" data-align=\"left\">Remplacement d&rsquo;une r\u00e9glette N\u00e9on LED (exemple mat\u00e9riel \u00e9tanche tube  ip65 24w 2800lm 4000k 120cm )<\/td><td>\u00e0 partir de 150 \u20ac<\/td><\/tr><tr><td class=\"has-text-align-left\" data-align=\"left\">Pose d&rsquo;un lustre simple<\/td><td>30 \u20ac<\/td><\/tr><tr><td class=\"has-text-align-left\" data-align=\"left\">Pose d&rsquo;un lustre acc\u00e8s difficile<\/td><td>\u00e0 partir de 60 \u20ac<\/td><\/tr><tr><td class=\"has-text-align-left\" data-align=\"left\">D\u00e9placement\/installation d&rsquo;un tableau (en r\u00e9novation, mat\u00e9riel compris, monophas\u00e9)<\/td><td>de 500 \u20ac \u00e0 1400 \u20ac<\/td><\/tr><tr><td class=\"has-text-align-left\" data-align=\"left\">Pose d\u2019un interrupteur diff\u00e9rentiel (hors mat\u00e9riel)<\/td><td>120 \u20ac<\/td><\/tr><tr><td class=\"has-text-align-left\" data-align=\"left\">Remplacement d&rsquo;une prise de courant simple (en r\u00e9novation, mat\u00e9riel Dooxie compris : 1 prise encastr\u00e9e-1 plaque )<\/td><td>30 \u20ac<\/td><\/tr><tr><td class=\"has-text-align-left\" data-align=\"left\">Remplacement d&rsquo;une prise de courant \u00e9tanche (en r\u00e9novation, mat\u00e9riel PLEXO compris : 1 prise saillie compl\u00e8te)<\/td><td>Simple : <br>65 \u20ac<br>Double : <br>80 \u20ac<\/td><\/tr><tr><td class=\"has-text-align-left\" data-align=\"left\">Pose d&rsquo;une radiateur \u00e9lectrique, ligne d&rsquo;alimentation existante et conforme (radiateur non compris)<\/td><td>125 \u20ac<\/td><\/tr><\/tbody><\/table><\/figure>\n<\/div>\n<\/div>\n\n\n\n<figure class=\"wp-block-image size-large\"><img loading=\"lazy\" decoding=\"async\" width=\"1024\" height=\"365\" src=\"https:\/\/idei-lx.fr\/idei\/wp-content\/uploads\/2025\/03\/Capture-decran-2025-03-25-185658-1024x365.png\" alt=\"Photographie du v\u00e9hicule professionnel de Idei lx sur un chantier de portail \u00e9lectrique. Pour exemple de tarifs installation \u00e9lectricit\u00e9.\" class=\"wp-image-1349\" srcset=\"https:\/\/idei-lx.fr\/idei\/wp-content\/uploads\/2025\/03\/Capture-decran-2025-03-25-185658-1024x365.png 1024w, https:\/\/idei-lx.fr\/idei\/wp-content\/uploads\/2025\/03\/Capture-decran-2025-03-25-185658-300x107.png 300w, https:\/\/idei-lx.fr\/idei\/wp-content\/uploads\/2025\/03\/Capture-decran-2025-03-25-185658-768x273.png 768w, https:\/\/idei-lx.fr\/idei\/wp-content\/uploads\/2025\/03\/Capture-decran-2025-03-25-185658.png 1157w\" sizes=\"auto, (max-width: 1024px) 100vw, 1024px\" \/><\/figure>\n\n\n\n<h2 class=\"wp-block-heading\"><strong><mark style=\"background-color:rgba(0, 0, 0, 0)\" class=\"has-inline-color has-ast-global-color-0-color\"><strong>D\u00c9PANNAGE <\/strong>: exemples de tarifs HT, main d\u2019\u0153uvre horaire<\/mark><\/strong><\/h2>\n\n\n\n<figure class=\"wp-block-table alignwide eplus-wrapper is-style-stripes\"><table><tbody><tr><td class=\"has-text-align-left\" data-align=\"left\"><strong>D\u00e9pannage <\/strong><\/td><td><strong>prix <br>horaire<\/strong><\/td><\/tr><tr><td class=\"has-text-align-left\" data-align=\"left\">R\u00e9paration \u00e9lectrique<\/td><td>55,00 \u20ac<\/td><\/tr><tr><td class=\"has-text-align-left\" data-align=\"left\">D\u00e9pannage \u00e9lectrique en urgence (le chauffe-eau \u00e9lectrique tombe en panne, <br>le logement ne dispose plus d&rsquo;\u00e9lectricit\u00e9, etc.) Intervention sous 24h <\/td><td>70,00 \u20ac<\/td><\/tr><tr><td class=\"has-text-align-left\" data-align=\"left\">Remplacement du disjoncteur d&rsquo;abonn\u00e9 (exemple pour un abonnement monophas\u00e9 jusqu&rsquo;\u00e0 45A. Disjoncteur abo. compris. Hors frais de d\u00e9placement)<\/td><td>(forfait) <br>250 \u20ac<\/td><\/tr><\/tbody><\/table><\/figure>\n\n\n\n<p class=\"has-text-align-right eplus-wrapper\"><em>Version du 17\/10\/2025<\/em><\/p>\n\n\n\n<p><strong>Liens utiles pour s&rsquo;informer sur la s\u00e9curit\u00e9 \u00e9lectrique :<\/strong><br><a href=\"https:\/\/particulier.edf.fr\/fr\/accueil\/guide-energie\/electricite\/securite-electrique-enfant.html\" target=\"_blank\" rel=\"noreferrer noopener\">EDF : article sur la s\u00e9curit\u00e9 \u00e9lectrique pour prot\u00e9ger les enfants<\/a> <br><a href=\"https:\/\/www.enedis.fr\/reagir-en-cas-de-panne-et-gerer-la-securite-electrique\" target=\"_blank\" rel=\"noreferrer noopener\">ENEDIS : article sur la panne et la s\u00e9curit\u00e9 \u00e9lectrique<\/a> <\/p>\n","protected":false},"excerpt":{"rendered":"<p>Tarifs, forfaits et taux horaires pour une intervention sur ordinateur, une installation ou un d\u00e9pannage \u00e9lectrique. INFORMATIQUE : exemples de tarifs HT Am\u00e9liorer les performances de votre ordinateur ou le r\u00e9parer : forfaits Nettoyage de votre ordinateur, d\u00e9fragmentation du disque, r\u00e9soudre les probl\u00e8mes de blocages, de lenteurs, etc. 70,00 \u20ac Mise \u00e0 jour de votre [&hellip;]<\/p>\n","protected":false},"author":1,"featured_media":0,"parent":0,"menu_order":0,"comment_status":"closed","ping_status":"closed","template":"","meta":{"site-sidebar-layout":"default","site-content-layout":"default","ast-site-content-layout":"default","site-content-style":"default","site-sidebar-style":"default","ast-global-header-display":"","ast-banner-title-visibility":"","ast-main-header-display":"","ast-hfb-above-header-display":"","ast-hfb-below-header-display":"","ast-hfb-mobile-header-display":"","site-post-title":"","ast-breadcrumbs-content":"","ast-featured-img":"","footer-sml-layout":"","ast-disable-related-posts":"","theme-transparent-header-meta":"default","adv-header-id-meta":"","stick-header-meta":"","header-above-stick-meta":"","header-main-stick-meta":"","header-below-stick-meta":"","astra-migrate-meta-layouts":"set","ast-page-background-enabled":"default","ast-page-background-meta":{"desktop":{"background-color":"","background-image":"","background-repeat":"repeat","background-position":"center center","background-size":"auto","background-attachment":"scroll","background-type":"","background-media":"","overlay-type":"","overlay-color":"","overlay-opacity":"","overlay-gradient":""},"tablet":{"background-color":"","background-image":"","background-repeat":"repeat","background-position":"center center","background-size":"auto","background-attachment":"scroll","background-type":"","background-media":"","overlay-type":"","overlay-color":"","overlay-opacity":"","overlay-gradient":""},"mobile":{"background-color":"","background-image":"","background-repeat":"repeat","background-position":"center center","background-size":"auto","background-attachment":"scroll","background-type":"","background-media":"","overlay-type":"","overlay-color":"","overlay-opacity":"","overlay-gradient":""}},"ast-content-background-meta":{"desktop":{"background-color":"var(--ast-global-color-5)","background-image":"","background-repeat":"repeat","background-position":"center center","background-size":"auto","background-attachment":"scroll","background-type":"","background-media":"","overlay-type":"","overlay-color":"","overlay-opacity":"","overlay-gradient":""},"tablet":{"background-color":"var(--ast-global-color-5)","background-image":"","background-repeat":"repeat","background-position":"center center","background-size":"auto","background-attachment":"scroll","background-type":"","background-media":"","overlay-type":"","overlay-color":"","overlay-opacity":"","overlay-gradient":""},"mobile":{"background-color":"var(--ast-global-color-5)","background-image":"","background-repeat":"repeat","background-position":"center center","background-size":"auto","background-attachment":"scroll","background-type":"","background-media":"","overlay-type":"","overlay-color":"","overlay-opacity":"","overlay-gradient":""}},"footnotes":""},"class_list":["post-81","page","type-page","status-publish","hentry"],"yoast_head":"<!-- This site is optimized with the Yoast SEO plugin v27.4 - https:\/\/yoast.com\/product\/yoast-seo-wordpress\/ -->\n<title>Tarifs - \u00c9lectricien \u00e0 Villeneuve sur Lot<\/title>\n<meta name=\"description\" content=\"Tarifs de r\u00e9paration et installation en \u00e9lectrique et informatique. Exemples de forfaits et de taux horaires selon les d\u00e9pannages.\" \/>\n<meta name=\"robots\" content=\"index, follow, max-snippet:-1, max-image-preview:large, max-video-preview:-1\" \/>\n<link rel=\"canonical\" href=\"https:\/\/idei-lx.fr\/idei\/tarifs\/\" \/>\n<meta property=\"og:locale\" content=\"fr_FR\" \/>\n<meta property=\"og:type\" content=\"article\" \/>\n<meta property=\"og:title\" content=\"Tarifs - \u00c9lectricien \u00e0 Villeneuve sur Lot\" \/>\n<meta property=\"og:description\" content=\"Tarifs de r\u00e9paration et installation en \u00e9lectrique et informatique. Exemples de forfaits et de taux horaires selon les d\u00e9pannages.\" \/>\n<meta property=\"og:url\" content=\"https:\/\/idei-lx.fr\/idei\/tarifs\/\" \/>\n<meta property=\"og:site_name\" content=\"\u00c9lectricien \u00e0 Villeneuve sur Lot\" \/>\n<meta property=\"article:publisher\" content=\"https:\/\/www.facebook.com\/profile.php?id=100074245192342\" \/>\n<meta property=\"article:modified_time\" content=\"2025-10-17T13:13:31+00:00\" \/>\n<meta property=\"og:image\" content=\"https:\/\/idei-lx.fr\/idei\/wp-content\/uploads\/2025\/03\/Capture-decran-2025-03-25-190043.png\" \/>\n\t<meta property=\"og:image:width\" content=\"1139\" \/>\n\t<meta property=\"og:image:height\" content=\"414\" \/>\n\t<meta property=\"og:image:type\" content=\"image\/png\" \/>\n<meta name=\"twitter:card\" content=\"summary_large_image\" \/>\n<meta name=\"twitter:label1\" content=\"Dur\u00e9e de lecture estim\u00e9e\" \/>\n\t<meta name=\"twitter:data1\" content=\"3 minutes\" \/>\n<script type=\"application\/ld+json\" class=\"yoast-schema-graph\">{\"@context\":\"https:\\\/\\\/schema.org\",\"@graph\":[{\"@type\":\"WebPage\",\"@id\":\"https:\\\/\\\/idei-lx.fr\\\/idei\\\/tarifs\\\/\",\"url\":\"https:\\\/\\\/idei-lx.fr\\\/idei\\\/tarifs\\\/\",\"name\":\"Tarifs - \u00c9lectricien \u00e0 Villeneuve sur Lot\",\"isPartOf\":{\"@id\":\"https:\\\/\\\/idei-lx.fr\\\/idei\\\/#website\"},\"primaryImageOfPage\":{\"@id\":\"https:\\\/\\\/idei-lx.fr\\\/idei\\\/tarifs\\\/#primaryimage\"},\"image\":{\"@id\":\"https:\\\/\\\/idei-lx.fr\\\/idei\\\/tarifs\\\/#primaryimage\"},\"thumbnailUrl\":\"https:\\\/\\\/idei-lx.fr\\\/idei\\\/wp-content\\\/uploads\\\/2025\\\/03\\\/Capture-decran-2025-03-25-190043-1024x372.png\",\"datePublished\":\"2021-02-05T18:33:44+00:00\",\"dateModified\":\"2025-10-17T13:13:31+00:00\",\"description\":\"Tarifs de r\u00e9paration et installation en \u00e9lectrique et informatique. Exemples de forfaits et de taux horaires selon les d\u00e9pannages.\",\"breadcrumb\":{\"@id\":\"https:\\\/\\\/idei-lx.fr\\\/idei\\\/tarifs\\\/#breadcrumb\"},\"inLanguage\":\"fr-FR\",\"potentialAction\":[{\"@type\":\"ReadAction\",\"target\":[\"https:\\\/\\\/idei-lx.fr\\\/idei\\\/tarifs\\\/\"]}]},{\"@type\":\"ImageObject\",\"inLanguage\":\"fr-FR\",\"@id\":\"https:\\\/\\\/idei-lx.fr\\\/idei\\\/tarifs\\\/#primaryimage\",\"url\":\"https:\\\/\\\/idei-lx.fr\\\/idei\\\/wp-content\\\/uploads\\\/2025\\\/03\\\/Capture-decran-2025-03-25-190043.png\",\"contentUrl\":\"https:\\\/\\\/idei-lx.fr\\\/idei\\\/wp-content\\\/uploads\\\/2025\\\/03\\\/Capture-decran-2025-03-25-190043.png\",\"width\":1139,\"height\":414},{\"@type\":\"BreadcrumbList\",\"@id\":\"https:\\\/\\\/idei-lx.fr\\\/idei\\\/tarifs\\\/#breadcrumb\",\"itemListElement\":[{\"@type\":\"ListItem\",\"position\":1,\"name\":\"Accueil\",\"item\":\"https:\\\/\\\/idei-lx.fr\\\/idei\\\/\"},{\"@type\":\"ListItem\",\"position\":2,\"name\":\"Tarifs\"}]},{\"@type\":\"WebSite\",\"@id\":\"https:\\\/\\\/idei-lx.fr\\\/idei\\\/#website\",\"url\":\"https:\\\/\\\/idei-lx.fr\\\/idei\\\/\",\"name\":\"\u00c9lectricien \u00e0 Villeneuve sur Lot\",\"description\":\"d\u00e9pannage &amp; r\u00e9novation \u00e9lectriques\",\"publisher\":{\"@id\":\"https:\\\/\\\/idei-lx.fr\\\/idei\\\/#organization\"},\"alternateName\":\"idei\",\"potentialAction\":[{\"@type\":\"SearchAction\",\"target\":{\"@type\":\"EntryPoint\",\"urlTemplate\":\"https:\\\/\\\/idei-lx.fr\\\/idei\\\/?s={search_term_string}\"},\"query-input\":{\"@type\":\"PropertyValueSpecification\",\"valueRequired\":true,\"valueName\":\"search_term_string\"}}],\"inLanguage\":\"fr-FR\"},{\"@type\":\"Organization\",\"@id\":\"https:\\\/\\\/idei-lx.fr\\\/idei\\\/#organization\",\"name\":\"IDEI-LX\",\"alternateName\":\"\u00c9lectricien \u00e0 Villeneuve sur Lot\",\"url\":\"https:\\\/\\\/idei-lx.fr\\\/idei\\\/\",\"logo\":{\"@type\":\"ImageObject\",\"inLanguage\":\"fr-FR\",\"@id\":\"https:\\\/\\\/idei-lx.fr\\\/idei\\\/#\\\/schema\\\/logo\\\/image\\\/\",\"url\":\"https:\\\/\\\/idei-lx.fr\\\/idei\\\/wp-content\\\/uploads\\\/2021\\\/03\\\/cropped-LOGO-Graph-version-finale.png\",\"contentUrl\":\"https:\\\/\\\/idei-lx.fr\\\/idei\\\/wp-content\\\/uploads\\\/2021\\\/03\\\/cropped-LOGO-Graph-version-finale.png\",\"width\":487,\"height\":549,\"caption\":\"IDEI-LX\"},\"image\":{\"@id\":\"https:\\\/\\\/idei-lx.fr\\\/idei\\\/#\\\/schema\\\/logo\\\/image\\\/\"},\"sameAs\":[\"https:\\\/\\\/www.facebook.com\\\/profile.php?id=100074245192342\"]}]}<\/script>\n<!-- \/ Yoast SEO plugin. -->","yoast_head_json":{"title":"Tarifs - \u00c9lectricien \u00e0 Villeneuve sur Lot","description":"Tarifs de r\u00e9paration et installation en \u00e9lectrique et informatique. Exemples de forfaits et de taux horaires selon les d\u00e9pannages.","robots":{"index":"index","follow":"follow","max-snippet":"max-snippet:-1","max-image-preview":"max-image-preview:large","max-video-preview":"max-video-preview:-1"},"canonical":"https:\/\/idei-lx.fr\/idei\/tarifs\/","og_locale":"fr_FR","og_type":"article","og_title":"Tarifs - \u00c9lectricien \u00e0 Villeneuve sur Lot","og_description":"Tarifs de r\u00e9paration et installation en \u00e9lectrique et informatique. Exemples de forfaits et de taux horaires selon les d\u00e9pannages.","og_url":"https:\/\/idei-lx.fr\/idei\/tarifs\/","og_site_name":"\u00c9lectricien \u00e0 Villeneuve sur Lot","article_publisher":"https:\/\/www.facebook.com\/profile.php?id=100074245192342","article_modified_time":"2025-10-17T13:13:31+00:00","og_image":[{"width":1139,"height":414,"url":"https:\/\/idei-lx.fr\/idei\/wp-content\/uploads\/2025\/03\/Capture-decran-2025-03-25-190043.png","type":"image\/png"}],"twitter_card":"summary_large_image","twitter_misc":{"Dur\u00e9e de lecture estim\u00e9e":"3 minutes"},"schema":{"@context":"https:\/\/schema.org","@graph":[{"@type":"WebPage","@id":"https:\/\/idei-lx.fr\/idei\/tarifs\/","url":"https:\/\/idei-lx.fr\/idei\/tarifs\/","name":"Tarifs - \u00c9lectricien \u00e0 Villeneuve sur Lot","isPartOf":{"@id":"https:\/\/idei-lx.fr\/idei\/#website"},"primaryImageOfPage":{"@id":"https:\/\/idei-lx.fr\/idei\/tarifs\/#primaryimage"},"image":{"@id":"https:\/\/idei-lx.fr\/idei\/tarifs\/#primaryimage"},"thumbnailUrl":"https:\/\/idei-lx.fr\/idei\/wp-content\/uploads\/2025\/03\/Capture-decran-2025-03-25-190043-1024x372.png","datePublished":"2021-02-05T18:33:44+00:00","dateModified":"2025-10-17T13:13:31+00:00","description":"Tarifs de r\u00e9paration et installation en \u00e9lectrique et informatique. Exemples de forfaits et de taux horaires selon les d\u00e9pannages.","breadcrumb":{"@id":"https:\/\/idei-lx.fr\/idei\/tarifs\/#breadcrumb"},"inLanguage":"fr-FR","potentialAction":[{"@type":"ReadAction","target":["https:\/\/idei-lx.fr\/idei\/tarifs\/"]}]},{"@type":"ImageObject","inLanguage":"fr-FR","@id":"https:\/\/idei-lx.fr\/idei\/tarifs\/#primaryimage","url":"https:\/\/idei-lx.fr\/idei\/wp-content\/uploads\/2025\/03\/Capture-decran-2025-03-25-190043.png","contentUrl":"https:\/\/idei-lx.fr\/idei\/wp-content\/uploads\/2025\/03\/Capture-decran-2025-03-25-190043.png","width":1139,"height":414},{"@type":"BreadcrumbList","@id":"https:\/\/idei-lx.fr\/idei\/tarifs\/#breadcrumb","itemListElement":[{"@type":"ListItem","position":1,"name":"Accueil","item":"https:\/\/idei-lx.fr\/idei\/"},{"@type":"ListItem","position":2,"name":"Tarifs"}]},{"@type":"WebSite","@id":"https:\/\/idei-lx.fr\/idei\/#website","url":"https:\/\/idei-lx.fr\/idei\/","name":"\u00c9lectricien \u00e0 Villeneuve sur Lot","description":"d\u00e9pannage &amp; r\u00e9novation \u00e9lectriques","publisher":{"@id":"https:\/\/idei-lx.fr\/idei\/#organization"},"alternateName":"idei","potentialAction":[{"@type":"SearchAction","target":{"@type":"EntryPoint","urlTemplate":"https:\/\/idei-lx.fr\/idei\/?s={search_term_string}"},"query-input":{"@type":"PropertyValueSpecification","valueRequired":true,"valueName":"search_term_string"}}],"inLanguage":"fr-FR"},{"@type":"Organization","@id":"https:\/\/idei-lx.fr\/idei\/#organization","name":"IDEI-LX","alternateName":"\u00c9lectricien \u00e0 Villeneuve sur Lot","url":"https:\/\/idei-lx.fr\/idei\/","logo":{"@type":"ImageObject","inLanguage":"fr-FR","@id":"https:\/\/idei-lx.fr\/idei\/#\/schema\/logo\/image\/","url":"https:\/\/idei-lx.fr\/idei\/wp-content\/uploads\/2021\/03\/cropped-LOGO-Graph-version-finale.png","contentUrl":"https:\/\/idei-lx.fr\/idei\/wp-content\/uploads\/2021\/03\/cropped-LOGO-Graph-version-finale.png","width":487,"height":549,"caption":"IDEI-LX"},"image":{"@id":"https:\/\/idei-lx.fr\/idei\/#\/schema\/logo\/image\/"},"sameAs":["https:\/\/www.facebook.com\/profile.php?id=100074245192342"]}]}},"_links":{"self":[{"href":"https:\/\/idei-lx.fr\/idei\/wp-json\/wp\/v2\/pages\/81","targetHints":{"allow":["GET"]}}],"collection":[{"href":"https:\/\/idei-lx.fr\/idei\/wp-json\/wp\/v2\/pages"}],"about":[{"href":"https:\/\/idei-lx.fr\/idei\/wp-json\/wp\/v2\/types\/page"}],"author":[{"embeddable":true,"href":"https:\/\/idei-lx.fr\/idei\/wp-json\/wp\/v2\/users\/1"}],"replies":[{"embeddable":true,"href":"https:\/\/idei-lx.fr\/idei\/wp-json\/wp\/v2\/comments?post=81"}],"version-history":[{"count":49,"href":"https:\/\/idei-lx.fr\/idei\/wp-json\/wp\/v2\/pages\/81\/revisions"}],"predecessor-version":[{"id":1419,"href":"https:\/\/idei-lx.fr\/idei\/wp-json\/wp\/v2\/pages\/81\/revisions\/1419"}],"wp:attachment":[{"href":"https:\/\/idei-lx.fr\/idei\/wp-json\/wp\/v2\/media?parent=81"}],"curies":[{"name":"wp","href":"https:\/\/api.w.org\/{rel}","templated":true}]}}